{"id":5333,"date":"2021-08-02T21:23:40","date_gmt":"2021-08-02T21:23:40","guid":{"rendered":"https:\/\/export-demos.qreativethemes.com\/thelandscaper\/services\/\/?page_id=5333"},"modified":"2024-06-20T00:04:17","modified_gmt":"2024-06-19T22:04:17","slug":"realizacia","status":"publish","type":"page","link":"https:\/\/www.travicka.sk\/","title":{"rendered":"REALIZ\u00c1CIA UMEL\u00ddCH POVRCHOV"},"content":{"rendered":"<div id=\"pl-5333\"  class=\"panel-layout\" ><div id=\"pg-5333-0\"  class=\"panel-grid panel-no-style\" ><div id=\"pgc-5333-0-0\"  class=\"panel-grid-cell\" ><div id=\"panel-5333-0-0-0\" class=\"so-panel widget widget_media_image panel-first-child\" data-index=\"0\" ><div class=\"panel-widget-style panel-widget-style-for-5333-0-0-0\" ><a href=\"https:\/\/www.travicka.sk\/index.php\/realisticka-umela-trava\/\"><img loading=\"lazy\" decoding=\"async\" width=\"2042\" height=\"1357\" src=\"https:\/\/www.travicka.sk\/wp-content\/uploads\/2024\/03\/umely_travnik_travicka_sk.png\" class=\"image wp-image-7814  attachment-full size-full\" alt=\"\" style=\"max-width: 100%; height: auto;\" srcset=\"https:\/\/www.travicka.sk\/wp-content\/uploads\/2024\/03\/umely_travnik_travicka_sk.png 2042w, https:\/\/www.travicka.sk\/wp-content\/uploads\/2024\/03\/umely_travnik_travicka_sk-300x199.png 300w, https:\/\/www.travicka.sk\/wp-content\/uploads\/2024\/03\/umely_travnik_travicka_sk-1024x680.png 1024w, https:\/\/www.travicka.sk\/wp-content\/uploads\/2024\/03\/umely_travnik_travicka_sk-768x510.png 768w, https:\/\/www.travicka.sk\/wp-content\/uploads\/2024\/03\/umely_travnik_travicka_sk-1536x1021.png 1536w, https:\/\/www.travicka.sk\/wp-content\/uploads\/2024\/03\/umely_travnik_travicka_sk-360x240.png 360w, https:\/\/www.travicka.sk\/wp-content\/uploads\/2024\/03\/umely_travnik_travicka_sk-600x399.png 600w, https:\/\/www.travicka.sk\/wp-content\/uploads\/2024\/03\/umely_travnik_travicka_sk-272x182.png 272w\" sizes=\"auto, (max-width: 2042px) 100vw, 2042px\" \/><\/a><\/div><\/div><div id=\"panel-5333-0-0-1\" class=\"so-panel widget widget_black-studio-tinymce widget_black_studio_tinymce panel-last-child\" data-index=\"1\" ><div class=\"panel-widget-style panel-widget-style-for-5333-0-0-1\" ><div class=\"textwidget\"><p style=\"text-align: left;\">Spolo\u010dnos\u0165 Tr\u00e1vi\u010dka.sk pon\u00faka \u0161irok\u00fd v\u00fdber kvalitn\u00e9ho umel\u00e9ho tr\u00e1vnika, ide\u00e1lneho pre z\u00e1hradn\u00e9 plochy. S umel\u00fdm tr\u00e1vnikom od Tr\u00e1vi\u010dka.sk u\u0161etr\u00edte \u010das a starosti spojen\u00e9 s tradi\u010dnou \u00fadr\u017ebou tr\u00e1vnika.<\/p>\n<p><span style=\"color: #a2c046;\"><b>REALISTICK\u00dd VZH\u013dAD A DLHODOB\u00da TRVANLIVOS\u0164<\/b><\/span><\/p>\n<p style=\"text-align: left;\">Vyu\u017eite v\u00fdhody n\u00e1\u0161ho umel\u00e9ho tr\u00e1vnika a vytvorte si bezstarostn\u00fd a esteticky pr\u00ed\u0165a\u017eliv\u00fd exteri\u00e9r. Nez\u00e1le\u017e\u00ed na ro\u010dnom obdob\u00ed, s umel\u00fdm tr\u00e1vnikom od Tr\u00e1vi\u010dka.sk si u\u017eijete zelen\u00fa z\u00e1hradu po cel\u00fd rok.<\/p>\n<p style=\"text-align: left;\">Sme hrd\u00ed na na\u0161u \u0161pi\u010dkov\u00fa kvalitu a profesion\u00e1lny pr\u00edstup k v\u00fdrobe umel\u00e9ho tr\u00e1vniku, ktor\u00fd uspokoj\u00ed aj t\u00fdch najn\u00e1ro\u010dnej\u0161\u00edch z\u00e1kazn\u00edkov.<\/p>\n<\/div><\/div><\/div><\/div><div id=\"pgc-5333-0-1\"  class=\"panel-grid-cell\" ><div id=\"panel-5333-0-1-0\" class=\"so-panel widget widget_media_image panel-first-child\" data-index=\"2\" ><div class=\"panel-widget-style panel-widget-style-for-5333-0-1-0\" ><a href=\"https:\/\/www.travicka.sk\/index.php\/umely-povrch-epdm-sbr\/\"><img loading=\"lazy\" decoding=\"async\" width=\"2043\" height=\"1357\" src=\"https:\/\/www.travicka.sk\/wp-content\/uploads\/2024\/03\/umely_povrch_travicka_sk.png\" class=\"image wp-image-7820  attachment-full size-full\" alt=\"\" style=\"max-width: 100%; height: auto;\" srcset=\"https:\/\/www.travicka.sk\/wp-content\/uploads\/2024\/03\/umely_povrch_travicka_sk.png 2043w, https:\/\/www.travicka.sk\/wp-content\/uploads\/2024\/03\/umely_povrch_travicka_sk-300x199.png 300w, https:\/\/www.travicka.sk\/wp-content\/uploads\/2024\/03\/umely_povrch_travicka_sk-1024x680.png 1024w, https:\/\/www.travicka.sk\/wp-content\/uploads\/2024\/03\/umely_povrch_travicka_sk-768x510.png 768w, https:\/\/www.travicka.sk\/wp-content\/uploads\/2024\/03\/umely_povrch_travicka_sk-1536x1020.png 1536w, https:\/\/www.travicka.sk\/wp-content\/uploads\/2024\/03\/umely_povrch_travicka_sk-360x240.png 360w, https:\/\/www.travicka.sk\/wp-content\/uploads\/2024\/03\/umely_povrch_travicka_sk-600x399.png 600w, https:\/\/www.travicka.sk\/wp-content\/uploads\/2024\/03\/umely_povrch_travicka_sk-272x182.png 272w\" sizes=\"auto, (max-width: 2043px) 100vw, 2043px\" \/><\/a><\/div><\/div><div id=\"panel-5333-0-1-1\" class=\"so-panel widget widget_black-studio-tinymce widget_black_studio_tinymce panel-last-child\" data-index=\"3\" ><div class=\"panel-widget-style panel-widget-style-for-5333-0-1-1\" ><div class=\"textwidget\"><p>Vyu\u017e\u00edva sa pri v\u00fdstavbe atletick\u00fdch dr\u00e1h, sektorov, rozbe\u017e\u00edsk, multifunk\u010dn\u00fdch ihr\u00edsk a na dopadov\u00e9 plochy detsk\u00fdch ihr\u00edsk. V\u00fdhodami EPDM povrchov s\u00fa - trv\u00e1cnos\u0165, ekologickos\u0165 (EPDM neobsahuje \u0161kodliv\u00e9 l\u00e1tky), pru\u017enos\u0165 (plo\u0161n\u00e1 aj bodov\u00e1), odolnos\u0165 vo\u010di UV \u017eiareniu, jednoduch\u00e1 oprava, variabilnos\u0165 \u010diarovania (\u010diary sa nan\u00e1\u0161aj\u00fa n\u00e1strekom alebo n\u00e1terom), EPDM neobsahuje halog\u00e9nov\u00e9, chloridov\u00e9 alebo br\u00f3mov\u00e9 pr\u00edsady a d\u00e1 sa recyklova\u0165.)<\/p>\n<p><span style=\"color: #a2c046;\"><b><strong>DLHA TRV\u00c1CNOS\u0164, BEZ\u00daDR\u017dBOVOS\u0164 A IDE\u00c1LNA PRU\u017dNOS\u0164.<\/strong><\/b><\/span><\/p>\n<p>Ide\u00e1lne ako povrch pre detsk\u00e9 ihriska, be\u017eeck\u00e9 dr\u00e1hy, napr. vn\u00fatroblokov ihriska v mest\u00e1ch s r\u00f4znymi hrac\u00edmi prvkami, workoutov\u00e9 ihrisk\u00e1.<\/p>\n<\/div><\/div><\/div><\/div><\/div><\/div>","protected":false},"excerpt":{"rendered":"<p>Spolo\u010dnos\u0165 Tr\u00e1vi\u010dka.sk pon\u00faka \u0161irok\u00fd v\u00fdber kvalitn\u00e9ho umel\u00e9ho tr\u00e1vnika, ide\u00e1lneho pre z\u00e1hradn\u00e9 plochy. S umel\u00fdm tr\u00e1vnikom od Tr\u00e1vi\u010dka.sk u\u0161etr\u00edte \u010das a starosti spojen\u00e9 s tradi\u010dnou \u00fadr\u017ebou tr\u00e1vnika. REALISTICK\u00dd VZH\u013dAD A DLHODOB\u00da TRVANLIVOS\u0164 Vyu\u017eite v\u00fdhody n\u00e1\u0161ho umel\u00e9ho tr\u00e1vnika a vytvorte si bezstarostn\u00fd a esteticky pr\u00ed\u0165a\u017eliv\u00fd exteri\u00e9r. Nez\u00e1le\u017e\u00ed na ro\u010dnom obdob\u00ed, s umel\u00fdm tr\u00e1vnikom od Tr\u00e1vi\u010dka.sk si u\u017eijete [&hellip;]<\/p>\n","protected":false},"author":1,"featured_media":7596,"parent":0,"menu_order":0,"comment_status":"closed","ping_status":"closed","template":"template-front-fullslider.php","meta":{"_acf_changed":false,"inline_featured_image":false,"footnotes":""},"class_list":["post-5333","page","type-page","status-publish","has-post-thumbnail","hentry"],"acf":[],"yoast_head":"<!-- This site is optimized with the Yoast SEO plugin v27.2 - https:\/\/yoast.com\/product\/yoast-seo-wordpress\/ -->\n<title>REALIZ\u00c1CIA UMEL\u00ddCH POVRCHOV - Tr\u00e1vi\u010dka.sk | Realistick\u00e1 umel\u00e1 tr\u00e1va<\/title>\n<meta name=\"description\" content=\"\u0160pecializujeme sa na realiz\u00e1ciu umel\u00fdch povrchov, ako umel\u00fd tr\u00e1vnik s povrchmi SBR a EPDM, prin\u00e1\u0161a inovat\u00edvne rie\u0161enie pre \u0161portov\u00e9 a rekrea\u010dn\u00e9 priestory.\" \/>\n<meta name=\"robots\" content=\"index, follow, max-snippet:-1, max-image-preview:large, max-video-preview:-1\" \/>\n<link rel=\"canonical\" href=\"https:\/\/www.travicka.sk\/\" \/>\n<meta property=\"og:locale\" content=\"sk_SK\" \/>\n<meta property=\"og:type\" content=\"article\" \/>\n<meta property=\"og:title\" content=\"REALIZ\u00c1CIA UMEL\u00ddCH POVRCHOV - Tr\u00e1vi\u010dka.sk | Realistick\u00e1 umel\u00e1 tr\u00e1va\" \/>\n<meta property=\"og:description\" content=\"\u0160pecializujeme sa na realiz\u00e1ciu umel\u00fdch povrchov, ako umel\u00fd tr\u00e1vnik s povrchmi SBR a EPDM, prin\u00e1\u0161a inovat\u00edvne rie\u0161enie pre \u0161portov\u00e9 a rekrea\u010dn\u00e9 priestory.\" \/>\n<meta property=\"og:url\" content=\"https:\/\/www.travicka.sk\/\" \/>\n<meta property=\"og:site_name\" content=\"Tr\u00e1vi\u010dka.sk | Realistick\u00e1 umel\u00e1 tr\u00e1va\" \/>\n<meta property=\"article:modified_time\" content=\"2024-06-19T22:04:17+00:00\" \/>\n<meta property=\"og:image\" content=\"https:\/\/www.travicka.sk\/wp-content\/uploads\/2024\/03\/instalacia_realisticka_umela_trava_travicka_sk_1.png\" \/>\n\t<meta property=\"og:image:width\" content=\"2019\" \/>\n\t<meta property=\"og:image:height\" content=\"1054\" \/>\n\t<meta property=\"og:image:type\" content=\"image\/png\" \/>\n<meta name=\"twitter:card\" content=\"summary_large_image\" \/>\n<meta name=\"twitter:label1\" content=\"Predpokladan\u00fd \u010das \u010d\u00edtania\" \/>\n\t<meta name=\"twitter:data1\" content=\"2 min\u00faty\" \/>\n<script type=\"application\/ld+json\" class=\"yoast-schema-graph\">{\"@context\":\"https:\/\/schema.org\",\"@graph\":[{\"@type\":\"WebPage\",\"@id\":\"https:\/\/www.travicka.sk\/\",\"url\":\"https:\/\/www.travicka.sk\/\",\"name\":\"REALIZ\u00c1CIA UMEL\u00ddCH POVRCHOV - Tr\u00e1vi\u010dka.sk | Realistick\u00e1 umel\u00e1 tr\u00e1va\",\"isPartOf\":{\"@id\":\"https:\/\/www.travicka.sk\/#website\"},\"primaryImageOfPage\":{\"@id\":\"https:\/\/www.travicka.sk\/#primaryimage\"},\"image\":{\"@id\":\"https:\/\/www.travicka.sk\/#primaryimage\"},\"thumbnailUrl\":\"https:\/\/www.travicka.sk\/wp-content\/uploads\/2024\/03\/instalacia_realisticka_umela_trava_travicka_sk_1.png\",\"datePublished\":\"2021-08-02T21:23:40+00:00\",\"dateModified\":\"2024-06-19T22:04:17+00:00\",\"description\":\"\u0160pecializujeme sa na realiz\u00e1ciu umel\u00fdch povrchov, ako umel\u00fd tr\u00e1vnik s povrchmi SBR a EPDM, prin\u00e1\u0161a inovat\u00edvne rie\u0161enie pre \u0161portov\u00e9 a rekrea\u010dn\u00e9 priestory.\",\"breadcrumb\":{\"@id\":\"https:\/\/www.travicka.sk\/#breadcrumb\"},\"inLanguage\":\"sk-SK\",\"potentialAction\":[{\"@type\":\"ReadAction\",\"target\":[\"https:\/\/www.travicka.sk\/\"]}]},{\"@type\":\"ImageObject\",\"inLanguage\":\"sk-SK\",\"@id\":\"https:\/\/www.travicka.sk\/#primaryimage\",\"url\":\"https:\/\/www.travicka.sk\/wp-content\/uploads\/2024\/03\/instalacia_realisticka_umela_trava_travicka_sk_1.png\",\"contentUrl\":\"https:\/\/www.travicka.sk\/wp-content\/uploads\/2024\/03\/instalacia_realisticka_umela_trava_travicka_sk_1.png\",\"width\":2019,\"height\":1054},{\"@type\":\"BreadcrumbList\",\"@id\":\"https:\/\/www.travicka.sk\/#breadcrumb\",\"itemListElement\":[{\"@type\":\"ListItem\",\"position\":1,\"name\":\"Domovsk\u00e1 str\u00e1nka\",\"item\":\"https:\/\/www.travicka.sk\/\"},{\"@type\":\"ListItem\",\"position\":2,\"name\":\"REALIZ\u00c1CIA UMEL\u00ddCH POVRCHOV\"}]},{\"@type\":\"WebSite\",\"@id\":\"https:\/\/www.travicka.sk\/#website\",\"url\":\"https:\/\/www.travicka.sk\/\",\"name\":\"Tr\u00e1vi\u010dka.sk | Realistick\u00e1 umel\u00e1 tr\u00e1va\",\"description\":\"\",\"potentialAction\":[{\"@type\":\"SearchAction\",\"target\":{\"@type\":\"EntryPoint\",\"urlTemplate\":\"https:\/\/www.travicka.sk\/?s={search_term_string}\"},\"query-input\":{\"@type\":\"PropertyValueSpecification\",\"valueRequired\":true,\"valueName\":\"search_term_string\"}}],\"inLanguage\":\"sk-SK\"}]}<\/script>\n<!-- \/ Yoast SEO plugin. -->","yoast_head_json":{"title":"REALIZ\u00c1CIA UMEL\u00ddCH POVRCHOV - Tr\u00e1vi\u010dka.sk | Realistick\u00e1 umel\u00e1 tr\u00e1va","description":"\u0160pecializujeme sa na realiz\u00e1ciu umel\u00fdch povrchov, ako umel\u00fd tr\u00e1vnik s povrchmi SBR a EPDM, prin\u00e1\u0161a inovat\u00edvne rie\u0161enie pre \u0161portov\u00e9 a rekrea\u010dn\u00e9 priestory.","robots":{"index":"index","follow":"follow","max-snippet":"max-snippet:-1","max-image-preview":"max-image-preview:large","max-video-preview":"max-video-preview:-1"},"canonical":"https:\/\/www.travicka.sk\/","og_locale":"sk_SK","og_type":"article","og_title":"REALIZ\u00c1CIA UMEL\u00ddCH POVRCHOV - Tr\u00e1vi\u010dka.sk | Realistick\u00e1 umel\u00e1 tr\u00e1va","og_description":"\u0160pecializujeme sa na realiz\u00e1ciu umel\u00fdch povrchov, ako umel\u00fd tr\u00e1vnik s povrchmi SBR a EPDM, prin\u00e1\u0161a inovat\u00edvne rie\u0161enie pre \u0161portov\u00e9 a rekrea\u010dn\u00e9 priestory.","og_url":"https:\/\/www.travicka.sk\/","og_site_name":"Tr\u00e1vi\u010dka.sk | Realistick\u00e1 umel\u00e1 tr\u00e1va","article_modified_time":"2024-06-19T22:04:17+00:00","og_image":[{"width":2019,"height":1054,"url":"https:\/\/www.travicka.sk\/wp-content\/uploads\/2024\/03\/instalacia_realisticka_umela_trava_travicka_sk_1.png","type":"image\/png"}],"twitter_card":"summary_large_image","twitter_misc":{"Predpokladan\u00fd \u010das \u010d\u00edtania":"2 min\u00faty"},"schema":{"@context":"https:\/\/schema.org","@graph":[{"@type":"WebPage","@id":"https:\/\/www.travicka.sk\/","url":"https:\/\/www.travicka.sk\/","name":"REALIZ\u00c1CIA UMEL\u00ddCH POVRCHOV - Tr\u00e1vi\u010dka.sk | Realistick\u00e1 umel\u00e1 tr\u00e1va","isPartOf":{"@id":"https:\/\/www.travicka.sk\/#website"},"primaryImageOfPage":{"@id":"https:\/\/www.travicka.sk\/#primaryimage"},"image":{"@id":"https:\/\/www.travicka.sk\/#primaryimage"},"thumbnailUrl":"https:\/\/www.travicka.sk\/wp-content\/uploads\/2024\/03\/instalacia_realisticka_umela_trava_travicka_sk_1.png","datePublished":"2021-08-02T21:23:40+00:00","dateModified":"2024-06-19T22:04:17+00:00","description":"\u0160pecializujeme sa na realiz\u00e1ciu umel\u00fdch povrchov, ako umel\u00fd tr\u00e1vnik s povrchmi SBR a EPDM, prin\u00e1\u0161a inovat\u00edvne rie\u0161enie pre \u0161portov\u00e9 a rekrea\u010dn\u00e9 priestory.","breadcrumb":{"@id":"https:\/\/www.travicka.sk\/#breadcrumb"},"inLanguage":"sk-SK","potentialAction":[{"@type":"ReadAction","target":["https:\/\/www.travicka.sk\/"]}]},{"@type":"ImageObject","inLanguage":"sk-SK","@id":"https:\/\/www.travicka.sk\/#primaryimage","url":"https:\/\/www.travicka.sk\/wp-content\/uploads\/2024\/03\/instalacia_realisticka_umela_trava_travicka_sk_1.png","contentUrl":"https:\/\/www.travicka.sk\/wp-content\/uploads\/2024\/03\/instalacia_realisticka_umela_trava_travicka_sk_1.png","width":2019,"height":1054},{"@type":"BreadcrumbList","@id":"https:\/\/www.travicka.sk\/#breadcrumb","itemListElement":[{"@type":"ListItem","position":1,"name":"Domovsk\u00e1 str\u00e1nka","item":"https:\/\/www.travicka.sk\/"},{"@type":"ListItem","position":2,"name":"REALIZ\u00c1CIA UMEL\u00ddCH POVRCHOV"}]},{"@type":"WebSite","@id":"https:\/\/www.travicka.sk\/#website","url":"https:\/\/www.travicka.sk\/","name":"Tr\u00e1vi\u010dka.sk | Realistick\u00e1 umel\u00e1 tr\u00e1va","description":"","potentialAction":[{"@type":"SearchAction","target":{"@type":"EntryPoint","urlTemplate":"https:\/\/www.travicka.sk\/?s={search_term_string}"},"query-input":{"@type":"PropertyValueSpecification","valueRequired":true,"valueName":"search_term_string"}}],"inLanguage":"sk-SK"}]}},"_links":{"self":[{"href":"https:\/\/www.travicka.sk\/index.php\/wp-json\/wp\/v2\/pages\/5333","targetHints":{"allow":["GET"]}}],"collection":[{"href":"https:\/\/www.travicka.sk\/index.php\/wp-json\/wp\/v2\/pages"}],"about":[{"href":"https:\/\/www.travicka.sk\/index.php\/wp-json\/wp\/v2\/types\/page"}],"author":[{"embeddable":true,"href":"https:\/\/www.travicka.sk\/index.php\/wp-json\/wp\/v2\/users\/1"}],"replies":[{"embeddable":true,"href":"https:\/\/www.travicka.sk\/index.php\/wp-json\/wp\/v2\/comments?post=5333"}],"version-history":[{"count":26,"href":"https:\/\/www.travicka.sk\/index.php\/wp-json\/wp\/v2\/pages\/5333\/revisions"}],"predecessor-version":[{"id":8083,"href":"https:\/\/www.travicka.sk\/index.php\/wp-json\/wp\/v2\/pages\/5333\/revisions\/8083"}],"wp:featuredmedia":[{"embeddable":true,"href":"https:\/\/www.travicka.sk\/index.php\/wp-json\/wp\/v2\/media\/7596"}],"wp:attachment":[{"href":"https:\/\/www.travicka.sk\/index.php\/wp-json\/wp\/v2\/media?parent=5333"}],"curies":[{"name":"wp","href":"https:\/\/api.w.org\/{rel}","templated":true}]}}