{"id":673,"date":"2015-07-22T16:38:25","date_gmt":"2015-07-22T16:38:25","guid":{"rendered":"http:\/\/localhost:8888\/construction\/?page_id=673"},"modified":"2024-06-26T10:18:24","modified_gmt":"2024-06-26T08:18:24","slug":"instalacia-nasimi-specialistami","status":"publish","type":"page","link":"https:\/\/www.travicka.sk\/index.php\/instalacia-nasimi-specialistami\/","title":{"rendered":"IN\u0160TAL\u00c1CIA NA\u0160IMI \u0160PECIALISTAMI"},"content":{"rendered":"<div id=\"pl-673\"  class=\"panel-layout\" ><div id=\"pg-673-0\"  class=\"panel-grid panel-no-style\" ><div id=\"pgc-673-0-0\"  class=\"panel-grid-cell\" ><div id=\"panel-673-0-0-0\" class=\"so-panel widget widget_black-studio-tinymce widget_black_studio_tinymce panel-first-child panel-last-child\" data-index=\"0\" ><h3 class=\"widget-title\"><span class=\"light\">IN\u0160TAL\u00c1CIA<\/span> NA\u0160IMI \u0160PECIALISTAMI <\/h3><div class=\"textwidget\"><p>Ch\u00e1peme, \u017ee va\u0161a nehnute\u013enos\u0165 je ve\u013ek\u00e1 invest\u00edcia a chceme, aby ste vedeli, \u017ee n\u00e1\u0161 t\u00edm \u0161pecialistov je tu pre V\u00e1s, aby sme V\u00e1m pomohli splni\u0165 si Va\u0161e sny spojen\u00e9 s nehnute\u013enos\u0165ou.<\/p>\n<p>Disponujeme vy\u0161kolen\u00fdmi pracovn\u00edkmi, ktor\u00ed maj\u00fa bohat\u00e9 sk\u00fasenosti s in\u0161tal\u00e1ciami umel\u00fdch tr\u00e1vnikov. Okrem in\u00e9ho dok\u00e1\u017eeme zabezpe\u010di\u0165 aj ter\u00e9nnu \u00fapravu povrchov.<\/p>\n<p>Kontaktova\u0165 n\u00e1s m\u00f4\u017eete na\u00a0<a href=\"mailto:info@travicka.sk\">info@travicka.sk<\/a>\u00a0alebo pou\u017eite n\u00e1\u0161\u00a0<a href=\"https:\/\/www.travicka.sk\/index.php\/dohodnite-si-schodzku\/\">kontaktn\u00fd formul\u00e1r<\/a>.<\/p>\n<p>Umel\u00fd tr\u00e1vnik in\u0161talujeme na z\u00e1hrad\u00e1ch, detsk\u00fdch ihrisk\u00e1ch, v\u00a0okol\u00ed baz\u00e9nov, na teras\u00e1ch, v\u00a0okol\u00ed firiem a\u00a0na r\u00f4znych \u0161portovisk\u00e1ch.<\/p>\n<\/div><\/div><\/div><div id=\"pgc-673-0-1\"  class=\"panel-grid-cell\" ><div id=\"panel-673-0-1-0\" class=\"so-panel widget widget_media_image panel-first-child panel-last-child\" data-index=\"1\" ><a href=\"https:\/\/www.travicka.sk\/wp-content\/uploads\/2024\/06\/menu_instalacia_umeleho_travnika_travicka.png\"><img loading=\"lazy\" decoding=\"async\" width=\"1224\" height=\"812\" src=\"https:\/\/www.travicka.sk\/wp-content\/uploads\/2024\/06\/menu_instalacia_umeleho_travnika_travicka.png\" class=\"image wp-image-8159  attachment-full size-full\" alt=\"\" style=\"max-width: 100%; height: auto;\" srcset=\"https:\/\/www.travicka.sk\/wp-content\/uploads\/2024\/06\/menu_instalacia_umeleho_travnika_travicka.png 1224w, https:\/\/www.travicka.sk\/wp-content\/uploads\/2024\/06\/menu_instalacia_umeleho_travnika_travicka-300x199.png 300w, https:\/\/www.travicka.sk\/wp-content\/uploads\/2024\/06\/menu_instalacia_umeleho_travnika_travicka-1024x679.png 1024w, https:\/\/www.travicka.sk\/wp-content\/uploads\/2024\/06\/menu_instalacia_umeleho_travnika_travicka-768x509.png 768w, https:\/\/www.travicka.sk\/wp-content\/uploads\/2024\/06\/menu_instalacia_umeleho_travnika_travicka-360x240.png 360w, https:\/\/www.travicka.sk\/wp-content\/uploads\/2024\/06\/menu_instalacia_umeleho_travnika_travicka-600x398.png 600w\" sizes=\"auto, (max-width: 1224px) 100vw, 1224px\" \/><\/a><\/div><\/div><\/div><div id=\"pg-673-1\"  class=\"panel-grid panel-no-style\" ><div id=\"pgc-673-1-0\"  class=\"panel-grid-cell\" ><div id=\"panel-673-1-0-0\" class=\"so-panel widget widget_qt_cta_button widget-cta-button panel-first-child panel-last-child\" data-index=\"2\" >\t\t\t\n\t\t\t<a class=\"btn btn-primary fullwidth\" href=\"https:\/\/www.travicka.sk\/index.php\/realisticka-umela-trava\/\">\n\t\t\t\t\t\t\t\t\t<i class=\"fa fas fa-flag-checkered\"><\/i>\n\t\t\t\t\t\t\t\tNA\u0160E RALIZ\u00c1CIE SI MO\u017dETE POZRIE\u0164 TU \t\t\t<\/a>\n\n\t\t\t<\/div><\/div><\/div><\/div>","protected":false},"excerpt":{"rendered":"<p>Ch\u00e1peme, \u017ee va\u0161a nehnute\u013enos\u0165 je ve\u013ek\u00e1 invest\u00edcia a chceme, aby ste vedeli, \u017ee n\u00e1\u0161 t\u00edm \u0161pecialistov je tu pre V\u00e1s, aby sme V\u00e1m pomohli splni\u0165 si Va\u0161e sny spojen\u00e9 s nehnute\u013enos\u0165ou. Disponujeme vy\u0161kolen\u00fdmi pracovn\u00edkmi, ktor\u00ed maj\u00fa bohat\u00e9 sk\u00fasenosti s in\u0161tal\u00e1ciami umel\u00fdch tr\u00e1vnikov. Okrem in\u00e9ho dok\u00e1\u017eeme zabezpe\u010di\u0165 aj ter\u00e9nnu \u00fapravu povrchov. Kontaktova\u0165 n\u00e1s m\u00f4\u017eete na\u00a0info@travicka.sk\u00a0alebo pou\u017eite [&hellip;]<\/p>\n","protected":false},"author":1,"featured_media":8159,"parent":0,"menu_order":0,"comment_status":"closed","ping_status":"closed","template":"","meta":{"_acf_changed":false,"inline_featured_image":false,"footnotes":""},"class_list":["post-673","page","type-page","status-publish","has-post-thumbnail","hentry"],"acf":[],"yoast_head":"<!-- This site is optimized with the Yoast SEO plugin v27.2 - https:\/\/yoast.com\/product\/yoast-seo-wordpress\/ -->\n<title>IN\u0160TAL\u00c1CIA NA\u0160IMI \u0160PECIALISTAMI - Tr\u00e1vi\u010dka.sk | Realistick\u00e1 umel\u00e1 tr\u00e1va<\/title>\n<meta name=\"robots\" content=\"index, follow, max-snippet:-1, max-image-preview:large, max-video-preview:-1\" \/>\n<link rel=\"canonical\" href=\"https:\/\/www.travicka.sk\/index.php\/instalacia-nasimi-specialistami\/\" \/>\n<meta property=\"og:locale\" content=\"sk_SK\" \/>\n<meta property=\"og:type\" content=\"article\" \/>\n<meta property=\"og:title\" content=\"IN\u0160TAL\u00c1CIA NA\u0160IMI \u0160PECIALISTAMI - Tr\u00e1vi\u010dka.sk | Realistick\u00e1 umel\u00e1 tr\u00e1va\" \/>\n<meta property=\"og:description\" content=\"Ch\u00e1peme, \u017ee va\u0161a nehnute\u013enos\u0165 je ve\u013ek\u00e1 invest\u00edcia a chceme, aby ste vedeli, \u017ee n\u00e1\u0161 t\u00edm \u0161pecialistov je tu pre V\u00e1s, aby sme V\u00e1m pomohli splni\u0165 si Va\u0161e sny spojen\u00e9 s nehnute\u013enos\u0165ou. Disponujeme vy\u0161kolen\u00fdmi pracovn\u00edkmi, ktor\u00ed maj\u00fa bohat\u00e9 sk\u00fasenosti s in\u0161tal\u00e1ciami umel\u00fdch tr\u00e1vnikov. Okrem in\u00e9ho dok\u00e1\u017eeme zabezpe\u010di\u0165 aj ter\u00e9nnu \u00fapravu povrchov. Kontaktova\u0165 n\u00e1s m\u00f4\u017eete na\u00a0info@travicka.sk\u00a0alebo pou\u017eite [&hellip;]\" \/>\n<meta property=\"og:url\" content=\"https:\/\/www.travicka.sk\/index.php\/instalacia-nasimi-specialistami\/\" \/>\n<meta property=\"og:site_name\" content=\"Tr\u00e1vi\u010dka.sk | Realistick\u00e1 umel\u00e1 tr\u00e1va\" \/>\n<meta property=\"article:modified_time\" content=\"2024-06-26T08:18:24+00:00\" \/>\n<meta property=\"og:image\" content=\"https:\/\/www.travicka.sk\/wp-content\/uploads\/2024\/06\/menu_instalacia_umeleho_travnika_travicka.png\" \/>\n\t<meta property=\"og:image:width\" content=\"1224\" \/>\n\t<meta property=\"og:image:height\" content=\"812\" \/>\n\t<meta property=\"og:image:type\" content=\"image\/png\" \/>\n<meta name=\"twitter:card\" content=\"summary_large_image\" \/>\n<meta name=\"twitter:label1\" content=\"Predpokladan\u00fd \u010das \u010d\u00edtania\" \/>\n\t<meta name=\"twitter:data1\" content=\"1 min\u00fata\" \/>\n<script type=\"application\/ld+json\" class=\"yoast-schema-graph\">{\"@context\":\"https:\/\/schema.org\",\"@graph\":[{\"@type\":\"WebPage\",\"@id\":\"https:\/\/www.travicka.sk\/index.php\/instalacia-nasimi-specialistami\/\",\"url\":\"https:\/\/www.travicka.sk\/index.php\/instalacia-nasimi-specialistami\/\",\"name\":\"IN\u0160TAL\u00c1CIA NA\u0160IMI \u0160PECIALISTAMI - Tr\u00e1vi\u010dka.sk | Realistick\u00e1 umel\u00e1 tr\u00e1va\",\"isPartOf\":{\"@id\":\"https:\/\/www.travicka.sk\/#website\"},\"primaryImageOfPage\":{\"@id\":\"https:\/\/www.travicka.sk\/index.php\/instalacia-nasimi-specialistami\/#primaryimage\"},\"image\":{\"@id\":\"https:\/\/www.travicka.sk\/index.php\/instalacia-nasimi-specialistami\/#primaryimage\"},\"thumbnailUrl\":\"https:\/\/www.travicka.sk\/wp-content\/uploads\/2024\/06\/menu_instalacia_umeleho_travnika_travicka.png\",\"datePublished\":\"2015-07-22T16:38:25+00:00\",\"dateModified\":\"2024-06-26T08:18:24+00:00\",\"breadcrumb\":{\"@id\":\"https:\/\/www.travicka.sk\/index.php\/instalacia-nasimi-specialistami\/#breadcrumb\"},\"inLanguage\":\"sk-SK\",\"potentialAction\":[{\"@type\":\"ReadAction\",\"target\":[\"https:\/\/www.travicka.sk\/index.php\/instalacia-nasimi-specialistami\/\"]}]},{\"@type\":\"ImageObject\",\"inLanguage\":\"sk-SK\",\"@id\":\"https:\/\/www.travicka.sk\/index.php\/instalacia-nasimi-specialistami\/#primaryimage\",\"url\":\"https:\/\/www.travicka.sk\/wp-content\/uploads\/2024\/06\/menu_instalacia_umeleho_travnika_travicka.png\",\"contentUrl\":\"https:\/\/www.travicka.sk\/wp-content\/uploads\/2024\/06\/menu_instalacia_umeleho_travnika_travicka.png\",\"width\":1224,\"height\":812},{\"@type\":\"BreadcrumbList\",\"@id\":\"https:\/\/www.travicka.sk\/index.php\/instalacia-nasimi-specialistami\/#breadcrumb\",\"itemListElement\":[{\"@type\":\"ListItem\",\"position\":1,\"name\":\"Domovsk\u00e1 str\u00e1nka\",\"item\":\"https:\/\/www.travicka.sk\/\"},{\"@type\":\"ListItem\",\"position\":2,\"name\":\"IN\u0160TAL\u00c1CIA NA\u0160IMI \u0160PECIALISTAMI\"}]},{\"@type\":\"WebSite\",\"@id\":\"https:\/\/www.travicka.sk\/#website\",\"url\":\"https:\/\/www.travicka.sk\/\",\"name\":\"Tr\u00e1vi\u010dka.sk | Realistick\u00e1 umel\u00e1 tr\u00e1va\",\"description\":\"\",\"potentialAction\":[{\"@type\":\"SearchAction\",\"target\":{\"@type\":\"EntryPoint\",\"urlTemplate\":\"https:\/\/www.travicka.sk\/?s={search_term_string}\"},\"query-input\":{\"@type\":\"PropertyValueSpecification\",\"valueRequired\":true,\"valueName\":\"search_term_string\"}}],\"inLanguage\":\"sk-SK\"}]}<\/script>\n<!-- \/ Yoast SEO plugin. -->","yoast_head_json":{"title":"IN\u0160TAL\u00c1CIA NA\u0160IMI \u0160PECIALISTAMI - Tr\u00e1vi\u010dka.sk | Realistick\u00e1 umel\u00e1 tr\u00e1va","robots":{"index":"index","follow":"follow","max-snippet":"max-snippet:-1","max-image-preview":"max-image-preview:large","max-video-preview":"max-video-preview:-1"},"canonical":"https:\/\/www.travicka.sk\/index.php\/instalacia-nasimi-specialistami\/","og_locale":"sk_SK","og_type":"article","og_title":"IN\u0160TAL\u00c1CIA NA\u0160IMI \u0160PECIALISTAMI - Tr\u00e1vi\u010dka.sk | Realistick\u00e1 umel\u00e1 tr\u00e1va","og_description":"Ch\u00e1peme, \u017ee va\u0161a nehnute\u013enos\u0165 je ve\u013ek\u00e1 invest\u00edcia a chceme, aby ste vedeli, \u017ee n\u00e1\u0161 t\u00edm \u0161pecialistov je tu pre V\u00e1s, aby sme V\u00e1m pomohli splni\u0165 si Va\u0161e sny spojen\u00e9 s nehnute\u013enos\u0165ou. Disponujeme vy\u0161kolen\u00fdmi pracovn\u00edkmi, ktor\u00ed maj\u00fa bohat\u00e9 sk\u00fasenosti s in\u0161tal\u00e1ciami umel\u00fdch tr\u00e1vnikov. Okrem in\u00e9ho dok\u00e1\u017eeme zabezpe\u010di\u0165 aj ter\u00e9nnu \u00fapravu povrchov. Kontaktova\u0165 n\u00e1s m\u00f4\u017eete na\u00a0info@travicka.sk\u00a0alebo pou\u017eite [&hellip;]","og_url":"https:\/\/www.travicka.sk\/index.php\/instalacia-nasimi-specialistami\/","og_site_name":"Tr\u00e1vi\u010dka.sk | Realistick\u00e1 umel\u00e1 tr\u00e1va","article_modified_time":"2024-06-26T08:18:24+00:00","og_image":[{"width":1224,"height":812,"url":"https:\/\/www.travicka.sk\/wp-content\/uploads\/2024\/06\/menu_instalacia_umeleho_travnika_travicka.png","type":"image\/png"}],"twitter_card":"summary_large_image","twitter_misc":{"Predpokladan\u00fd \u010das \u010d\u00edtania":"1 min\u00fata"},"schema":{"@context":"https:\/\/schema.org","@graph":[{"@type":"WebPage","@id":"https:\/\/www.travicka.sk\/index.php\/instalacia-nasimi-specialistami\/","url":"https:\/\/www.travicka.sk\/index.php\/instalacia-nasimi-specialistami\/","name":"IN\u0160TAL\u00c1CIA NA\u0160IMI \u0160PECIALISTAMI - Tr\u00e1vi\u010dka.sk | Realistick\u00e1 umel\u00e1 tr\u00e1va","isPartOf":{"@id":"https:\/\/www.travicka.sk\/#website"},"primaryImageOfPage":{"@id":"https:\/\/www.travicka.sk\/index.php\/instalacia-nasimi-specialistami\/#primaryimage"},"image":{"@id":"https:\/\/www.travicka.sk\/index.php\/instalacia-nasimi-specialistami\/#primaryimage"},"thumbnailUrl":"https:\/\/www.travicka.sk\/wp-content\/uploads\/2024\/06\/menu_instalacia_umeleho_travnika_travicka.png","datePublished":"2015-07-22T16:38:25+00:00","dateModified":"2024-06-26T08:18:24+00:00","breadcrumb":{"@id":"https:\/\/www.travicka.sk\/index.php\/instalacia-nasimi-specialistami\/#breadcrumb"},"inLanguage":"sk-SK","potentialAction":[{"@type":"ReadAction","target":["https:\/\/www.travicka.sk\/index.php\/instalacia-nasimi-specialistami\/"]}]},{"@type":"ImageObject","inLanguage":"sk-SK","@id":"https:\/\/www.travicka.sk\/index.php\/instalacia-nasimi-specialistami\/#primaryimage","url":"https:\/\/www.travicka.sk\/wp-content\/uploads\/2024\/06\/menu_instalacia_umeleho_travnika_travicka.png","contentUrl":"https:\/\/www.travicka.sk\/wp-content\/uploads\/2024\/06\/menu_instalacia_umeleho_travnika_travicka.png","width":1224,"height":812},{"@type":"BreadcrumbList","@id":"https:\/\/www.travicka.sk\/index.php\/instalacia-nasimi-specialistami\/#breadcrumb","itemListElement":[{"@type":"ListItem","position":1,"name":"Domovsk\u00e1 str\u00e1nka","item":"https:\/\/www.travicka.sk\/"},{"@type":"ListItem","position":2,"name":"IN\u0160TAL\u00c1CIA NA\u0160IMI \u0160PECIALISTAMI"}]},{"@type":"WebSite","@id":"https:\/\/www.travicka.sk\/#website","url":"https:\/\/www.travicka.sk\/","name":"Tr\u00e1vi\u010dka.sk | Realistick\u00e1 umel\u00e1 tr\u00e1va","description":"","potentialAction":[{"@type":"SearchAction","target":{"@type":"EntryPoint","urlTemplate":"https:\/\/www.travicka.sk\/?s={search_term_string}"},"query-input":{"@type":"PropertyValueSpecification","valueRequired":true,"valueName":"search_term_string"}}],"inLanguage":"sk-SK"}]}},"_links":{"self":[{"href":"https:\/\/www.travicka.sk\/index.php\/wp-json\/wp\/v2\/pages\/673","targetHints":{"allow":["GET"]}}],"collection":[{"href":"https:\/\/www.travicka.sk\/index.php\/wp-json\/wp\/v2\/pages"}],"about":[{"href":"https:\/\/www.travicka.sk\/index.php\/wp-json\/wp\/v2\/types\/page"}],"author":[{"embeddable":true,"href":"https:\/\/www.travicka.sk\/index.php\/wp-json\/wp\/v2\/users\/1"}],"replies":[{"embeddable":true,"href":"https:\/\/www.travicka.sk\/index.php\/wp-json\/wp\/v2\/comments?post=673"}],"version-history":[{"count":39,"href":"https:\/\/www.travicka.sk\/index.php\/wp-json\/wp\/v2\/pages\/673\/revisions"}],"predecessor-version":[{"id":8176,"href":"https:\/\/www.travicka.sk\/index.php\/wp-json\/wp\/v2\/pages\/673\/revisions\/8176"}],"wp:featuredmedia":[{"embeddable":true,"href":"https:\/\/www.travicka.sk\/index.php\/wp-json\/wp\/v2\/media\/8159"}],"wp:attachment":[{"href":"https:\/\/www.travicka.sk\/index.php\/wp-json\/wp\/v2\/media?parent=673"}],"curies":[{"name":"wp","href":"https:\/\/api.w.org\/{rel}","templated":true}]}}