{"id":7827,"date":"2024-03-15T13:53:49","date_gmt":"2024-03-15T12:53:49","guid":{"rendered":"https:\/\/www.travicka.sk\/?page_id=7827"},"modified":"2024-06-19T23:44:32","modified_gmt":"2024-06-19T21:44:32","slug":"realisticka-umela-trava","status":"publish","type":"page","link":"https:\/\/www.travicka.sk\/index.php\/realisticka-umela-trava\/","title":{"rendered":"REALISTICK\u00c1 UMEL\u00c1 TR\u00c1VA"},"content":{"rendered":"<div id=\"pl-7827\"  class=\"panel-layout\" ><div id=\"pg-7827-0\"  class=\"panel-grid panel-no-style\" ><div id=\"pgc-7827-0-0\"  class=\"panel-grid-cell\" ><div id=\"panel-7827-0-0-0\" class=\"so-panel widget widget_black-studio-tinymce widget_black_studio_tinymce panel-first-child panel-last-child\" data-index=\"0\" ><div class=\"text-center panel-widget-style panel-widget-style-for-7827-0-0-0\" ><h3 class=\"widget-title\"><span class=\"light\">MO\u017dNOSTI<\/span> VYU\u017dITIA UMELEJ TR\u00c1VY  <\/h3><div class=\"textwidget\"><\/div><\/div><\/div><\/div><\/div><div id=\"pg-7827-1\"  class=\"panel-grid panel-no-style\" ><div id=\"pgc-7827-1-0\"  class=\"panel-grid-cell\" ><div id=\"panel-7827-1-0-0\" class=\"so-panel widget widget_media_image panel-first-child panel-last-child\" data-index=\"1\" ><div class=\"panel-widget-style panel-widget-style-for-7827-1-0-0\" ><a href=\"https:\/\/www.travicka.sk\/index.php\/zahrady\/\"><img loading=\"lazy\" decoding=\"async\" width=\"2043\" height=\"1357\" src=\"https:\/\/www.travicka.sk\/wp-content\/uploads\/2024\/03\/umely_povrch_travicka_sk_zahradY.png\" class=\"image wp-image-7844  attachment-full size-full\" alt=\"\" style=\"max-width: 100%; height: auto;\" srcset=\"https:\/\/www.travicka.sk\/wp-content\/uploads\/2024\/03\/umely_povrch_travicka_sk_zahradY.png 2043w, https:\/\/www.travicka.sk\/wp-content\/uploads\/2024\/03\/umely_povrch_travicka_sk_zahradY-300x199.png 300w, https:\/\/www.travicka.sk\/wp-content\/uploads\/2024\/03\/umely_povrch_travicka_sk_zahradY-1024x680.png 1024w, https:\/\/www.travicka.sk\/wp-content\/uploads\/2024\/03\/umely_povrch_travicka_sk_zahradY-768x510.png 768w, https:\/\/www.travicka.sk\/wp-content\/uploads\/2024\/03\/umely_povrch_travicka_sk_zahradY-1536x1020.png 1536w, https:\/\/www.travicka.sk\/wp-content\/uploads\/2024\/03\/umely_povrch_travicka_sk_zahradY-360x240.png 360w, https:\/\/www.travicka.sk\/wp-content\/uploads\/2024\/03\/umely_povrch_travicka_sk_zahradY-600x399.png 600w, https:\/\/www.travicka.sk\/wp-content\/uploads\/2024\/03\/umely_povrch_travicka_sk_zahradY-272x182.png 272w\" sizes=\"auto, (max-width: 2043px) 100vw, 2043px\" \/><\/a><\/div><\/div><\/div><div id=\"pgc-7827-1-1\"  class=\"panel-grid-cell\" ><div id=\"panel-7827-1-1-0\" class=\"so-panel widget widget_media_image panel-first-child panel-last-child\" data-index=\"2\" ><div class=\"panel-widget-style panel-widget-style-for-7827-1-1-0\" ><a href=\"https:\/\/www.travicka.sk\/index.php\/detske-ihriska\/\"><img loading=\"lazy\" decoding=\"async\" width=\"2042\" height=\"1360\" src=\"https:\/\/www.travicka.sk\/wp-content\/uploads\/2024\/03\/umely_povrch_travicka_sk_detske_ihriska.png\" class=\"image wp-image-7838  attachment-full size-full\" alt=\"\" style=\"max-width: 100%; height: auto;\" srcset=\"https:\/\/www.travicka.sk\/wp-content\/uploads\/2024\/03\/umely_povrch_travicka_sk_detske_ihriska.png 2042w, https:\/\/www.travicka.sk\/wp-content\/uploads\/2024\/03\/umely_povrch_travicka_sk_detske_ihriska-300x200.png 300w, https:\/\/www.travicka.sk\/wp-content\/uploads\/2024\/03\/umely_povrch_travicka_sk_detske_ihriska-1024x682.png 1024w, https:\/\/www.travicka.sk\/wp-content\/uploads\/2024\/03\/umely_povrch_travicka_sk_detske_ihriska-768x511.png 768w, https:\/\/www.travicka.sk\/wp-content\/uploads\/2024\/03\/umely_povrch_travicka_sk_detske_ihriska-1536x1023.png 1536w, https:\/\/www.travicka.sk\/wp-content\/uploads\/2024\/03\/umely_povrch_travicka_sk_detske_ihriska-850x567.png 850w, https:\/\/www.travicka.sk\/wp-content\/uploads\/2024\/03\/umely_povrch_travicka_sk_detske_ihriska-360x240.png 360w, https:\/\/www.travicka.sk\/wp-content\/uploads\/2024\/03\/umely_povrch_travicka_sk_detske_ihriska-600x400.png 600w, https:\/\/www.travicka.sk\/wp-content\/uploads\/2024\/03\/umely_povrch_travicka_sk_detske_ihriska-272x182.png 272w\" sizes=\"auto, (max-width: 2042px) 100vw, 2042px\" \/><\/a><\/div><\/div><\/div><div id=\"pgc-7827-1-2\"  class=\"panel-grid-cell\" ><div id=\"panel-7827-1-2-0\" class=\"so-panel widget widget_media_image panel-first-child panel-last-child\" data-index=\"3\" ><div class=\"panel-widget-style panel-widget-style-for-7827-1-2-0\" ><a href=\"https:\/\/www.travicka.sk\/index.php\/okolie-bazenov\/\"><img loading=\"lazy\" decoding=\"async\" width=\"2041\" height=\"1352\" src=\"https:\/\/www.travicka.sk\/wp-content\/uploads\/2024\/03\/umely_povrch_travicka_sk_okolie_bazenov.png\" class=\"image wp-image-7840  attachment-full size-full\" alt=\"\" style=\"max-width: 100%; height: auto;\" srcset=\"https:\/\/www.travicka.sk\/wp-content\/uploads\/2024\/03\/umely_povrch_travicka_sk_okolie_bazenov.png 2041w, https:\/\/www.travicka.sk\/wp-content\/uploads\/2024\/03\/umely_povrch_travicka_sk_okolie_bazenov-300x199.png 300w, https:\/\/www.travicka.sk\/wp-content\/uploads\/2024\/03\/umely_povrch_travicka_sk_okolie_bazenov-1024x678.png 1024w, https:\/\/www.travicka.sk\/wp-content\/uploads\/2024\/03\/umely_povrch_travicka_sk_okolie_bazenov-768x509.png 768w, https:\/\/www.travicka.sk\/wp-content\/uploads\/2024\/03\/umely_povrch_travicka_sk_okolie_bazenov-1536x1017.png 1536w, https:\/\/www.travicka.sk\/wp-content\/uploads\/2024\/03\/umely_povrch_travicka_sk_okolie_bazenov-600x397.png 600w\" sizes=\"auto, (max-width: 2041px) 100vw, 2041px\" \/><\/a><\/div><\/div><\/div><\/div><div id=\"pg-7827-2\"  class=\"panel-grid panel-no-style\" ><div id=\"pgc-7827-2-0\"  class=\"panel-grid-cell\" ><div id=\"panel-7827-2-0-0\" class=\"so-panel widget widget_media_image panel-first-child panel-last-child\" data-index=\"4\" ><div class=\"panel-widget-style panel-widget-style-for-7827-2-0-0\" ><a href=\"https:\/\/www.travicka.sk\/index.php\/terasy\/\"><img loading=\"lazy\" decoding=\"async\" width=\"2041\" height=\"1354\" src=\"https:\/\/www.travicka.sk\/wp-content\/uploads\/2024\/03\/umely_povrch_travicka_sk_terasy.png\" class=\"image wp-image-7843  attachment-full size-full\" alt=\"\" style=\"max-width: 100%; height: auto;\" srcset=\"https:\/\/www.travicka.sk\/wp-content\/uploads\/2024\/03\/umely_povrch_travicka_sk_terasy.png 2041w, https:\/\/www.travicka.sk\/wp-content\/uploads\/2024\/03\/umely_povrch_travicka_sk_terasy-300x199.png 300w, https:\/\/www.travicka.sk\/wp-content\/uploads\/2024\/03\/umely_povrch_travicka_sk_terasy-1024x679.png 1024w, https:\/\/www.travicka.sk\/wp-content\/uploads\/2024\/03\/umely_povrch_travicka_sk_terasy-768x509.png 768w, https:\/\/www.travicka.sk\/wp-content\/uploads\/2024\/03\/umely_povrch_travicka_sk_terasy-1536x1019.png 1536w, https:\/\/www.travicka.sk\/wp-content\/uploads\/2024\/03\/umely_povrch_travicka_sk_terasy-360x240.png 360w, https:\/\/www.travicka.sk\/wp-content\/uploads\/2024\/03\/umely_povrch_travicka_sk_terasy-600x398.png 600w\" sizes=\"auto, (max-width: 2041px) 100vw, 2041px\" \/><\/a><\/div><\/div><\/div><div id=\"pgc-7827-2-1\"  class=\"panel-grid-cell\" ><div id=\"panel-7827-2-1-0\" class=\"so-panel widget widget_media_image panel-first-child panel-last-child\" data-index=\"5\" ><div class=\"panel-widget-style panel-widget-style-for-7827-2-1-0\" ><a href=\"https:\/\/www.travicka.sk\/index.php\/okolie-firiem\/\"><img loading=\"lazy\" decoding=\"async\" width=\"2041\" height=\"1357\" src=\"https:\/\/www.travicka.sk\/wp-content\/uploads\/2024\/03\/umely_povrch_travicka_sk_okolie_firiem_firma.png\" class=\"image wp-image-7851  attachment-full size-full\" alt=\"\" style=\"max-width: 100%; height: auto;\" srcset=\"https:\/\/www.travicka.sk\/wp-content\/uploads\/2024\/03\/umely_povrch_travicka_sk_okolie_firiem_firma.png 2041w, https:\/\/www.travicka.sk\/wp-content\/uploads\/2024\/03\/umely_povrch_travicka_sk_okolie_firiem_firma-300x199.png 300w, https:\/\/www.travicka.sk\/wp-content\/uploads\/2024\/03\/umely_povrch_travicka_sk_okolie_firiem_firma-1024x681.png 1024w, https:\/\/www.travicka.sk\/wp-content\/uploads\/2024\/03\/umely_povrch_travicka_sk_okolie_firiem_firma-768x511.png 768w, https:\/\/www.travicka.sk\/wp-content\/uploads\/2024\/03\/umely_povrch_travicka_sk_okolie_firiem_firma-1536x1021.png 1536w, https:\/\/www.travicka.sk\/wp-content\/uploads\/2024\/03\/umely_povrch_travicka_sk_okolie_firiem_firma-360x240.png 360w, https:\/\/www.travicka.sk\/wp-content\/uploads\/2024\/03\/umely_povrch_travicka_sk_okolie_firiem_firma-600x399.png 600w, https:\/\/www.travicka.sk\/wp-content\/uploads\/2024\/03\/umely_povrch_travicka_sk_okolie_firiem_firma-272x182.png 272w\" sizes=\"auto, (max-width: 2041px) 100vw, 2041px\" \/><\/a><\/div><\/div><\/div><div id=\"pgc-7827-2-2\"  class=\"panel-grid-cell\" ><div id=\"panel-7827-2-2-0\" class=\"so-panel widget widget_media_image panel-first-child panel-last-child\" data-index=\"6\" ><div class=\"panel-widget-style panel-widget-style-for-7827-2-2-0\" ><a href=\"https:\/\/www.travicka.sk\/index.php\/futbalove-ihriska\/\"><img loading=\"lazy\" decoding=\"async\" width=\"2041\" height=\"1357\" src=\"https:\/\/www.travicka.sk\/wp-content\/uploads\/2024\/03\/umely_povrch_travicka_sk_futabalove_ihriska_.png\" class=\"image wp-image-7849  attachment-full size-full\" alt=\"\" style=\"max-width: 100%; height: auto;\" srcset=\"https:\/\/www.travicka.sk\/wp-content\/uploads\/2024\/03\/umely_povrch_travicka_sk_futabalove_ihriska_.png 2041w, https:\/\/www.travicka.sk\/wp-content\/uploads\/2024\/03\/umely_povrch_travicka_sk_futabalove_ihriska_-300x199.png 300w, https:\/\/www.travicka.sk\/wp-content\/uploads\/2024\/03\/umely_povrch_travicka_sk_futabalove_ihriska_-1024x681.png 1024w, https:\/\/www.travicka.sk\/wp-content\/uploads\/2024\/03\/umely_povrch_travicka_sk_futabalove_ihriska_-768x511.png 768w, https:\/\/www.travicka.sk\/wp-content\/uploads\/2024\/03\/umely_povrch_travicka_sk_futabalove_ihriska_-1536x1021.png 1536w, https:\/\/www.travicka.sk\/wp-content\/uploads\/2024\/03\/umely_povrch_travicka_sk_futabalove_ihriska_-360x240.png 360w, https:\/\/www.travicka.sk\/wp-content\/uploads\/2024\/03\/umely_povrch_travicka_sk_futabalove_ihriska_-600x399.png 600w, https:\/\/www.travicka.sk\/wp-content\/uploads\/2024\/03\/umely_povrch_travicka_sk_futabalove_ihriska_-272x182.png 272w\" sizes=\"auto, (max-width: 2041px) 100vw, 2041px\" \/><\/a><\/div><\/div><\/div><\/div><\/div>","protected":false},"excerpt":{"rendered":"<p>MO\u017dNOSTI VYU\u017dITIA UMELEJ TR\u00c1VY<\/p>\n","protected":false},"author":1,"featured_media":0,"parent":0,"menu_order":0,"comment_status":"closed","ping_status":"closed","template":"template-front-fullslider.php","meta":{"_acf_changed":false,"inline_featured_image":false,"footnotes":""},"class_list":["post-7827","page","type-page","status-publish","hentry"],"acf":[],"yoast_head":"<!-- This site is optimized with the Yoast SEO plugin v27.2 - https:\/\/yoast.com\/product\/yoast-seo-wordpress\/ -->\n<title>REALISTICK\u00c1 UMEL\u00c1 TR\u00c1VA - Tr\u00e1vi\u010dka.sk | Realistick\u00e1 umel\u00e1 tr\u00e1va<\/title>\n<meta name=\"description\" content=\"\u0160pecializujeme sa na realiz\u00e1ciu umel\u00fdch povrchov, ako umel\u00fd tr\u00e1vnik s povrchmi SBR a EPDM, prin\u00e1\u0161a inovat\u00edvne rie\u0161enie pre \u0161portov\u00e9 a rekrea\u010dn\u00e9 priestory.\" \/>\n<meta name=\"robots\" content=\"index, follow, max-snippet:-1, max-image-preview:large, max-video-preview:-1\" \/>\n<link rel=\"canonical\" href=\"https:\/\/www.travicka.sk\/index.php\/realisticka-umela-trava\/\" \/>\n<meta property=\"og:locale\" content=\"sk_SK\" \/>\n<meta property=\"og:type\" content=\"article\" \/>\n<meta property=\"og:title\" content=\"REALISTICK\u00c1 UMEL\u00c1 TR\u00c1VA - Tr\u00e1vi\u010dka.sk | Realistick\u00e1 umel\u00e1 tr\u00e1va\" \/>\n<meta property=\"og:description\" content=\"\u0160pecializujeme sa na realiz\u00e1ciu umel\u00fdch povrchov, ako umel\u00fd tr\u00e1vnik s povrchmi SBR a EPDM, prin\u00e1\u0161a inovat\u00edvne rie\u0161enie pre \u0161portov\u00e9 a rekrea\u010dn\u00e9 priestory.\" \/>\n<meta property=\"og:url\" content=\"https:\/\/www.travicka.sk\/index.php\/realisticka-umela-trava\/\" \/>\n<meta property=\"og:site_name\" content=\"Tr\u00e1vi\u010dka.sk | Realistick\u00e1 umel\u00e1 tr\u00e1va\" \/>\n<meta property=\"article:modified_time\" content=\"2024-06-19T21:44:32+00:00\" \/>\n<meta name=\"twitter:card\" content=\"summary_large_image\" \/>\n<meta name=\"twitter:label1\" content=\"Predpokladan\u00fd \u010das \u010d\u00edtania\" \/>\n\t<meta name=\"twitter:data1\" content=\"2 min\u00faty\" \/>\n<script type=\"application\/ld+json\" class=\"yoast-schema-graph\">{\"@context\":\"https:\/\/schema.org\",\"@graph\":[{\"@type\":\"WebPage\",\"@id\":\"https:\/\/www.travicka.sk\/index.php\/realisticka-umela-trava\/\",\"url\":\"https:\/\/www.travicka.sk\/index.php\/realisticka-umela-trava\/\",\"name\":\"REALISTICK\u00c1 UMEL\u00c1 TR\u00c1VA - Tr\u00e1vi\u010dka.sk | Realistick\u00e1 umel\u00e1 tr\u00e1va\",\"isPartOf\":{\"@id\":\"https:\/\/www.travicka.sk\/#website\"},\"datePublished\":\"2024-03-15T12:53:49+00:00\",\"dateModified\":\"2024-06-19T21:44:32+00:00\",\"description\":\"\u0160pecializujeme sa na realiz\u00e1ciu umel\u00fdch povrchov, ako umel\u00fd tr\u00e1vnik s povrchmi SBR a EPDM, prin\u00e1\u0161a inovat\u00edvne rie\u0161enie pre \u0161portov\u00e9 a rekrea\u010dn\u00e9 priestory.\",\"breadcrumb\":{\"@id\":\"https:\/\/www.travicka.sk\/index.php\/realisticka-umela-trava\/#breadcrumb\"},\"inLanguage\":\"sk-SK\",\"potentialAction\":[{\"@type\":\"ReadAction\",\"target\":[\"https:\/\/www.travicka.sk\/index.php\/realisticka-umela-trava\/\"]}]},{\"@type\":\"BreadcrumbList\",\"@id\":\"https:\/\/www.travicka.sk\/index.php\/realisticka-umela-trava\/#breadcrumb\",\"itemListElement\":[{\"@type\":\"ListItem\",\"position\":1,\"name\":\"Domovsk\u00e1 str\u00e1nka\",\"item\":\"https:\/\/www.travicka.sk\/\"},{\"@type\":\"ListItem\",\"position\":2,\"name\":\"REALISTICK\u00c1 UMEL\u00c1 TR\u00c1VA\"}]},{\"@type\":\"WebSite\",\"@id\":\"https:\/\/www.travicka.sk\/#website\",\"url\":\"https:\/\/www.travicka.sk\/\",\"name\":\"Tr\u00e1vi\u010dka.sk | Realistick\u00e1 umel\u00e1 tr\u00e1va\",\"description\":\"\",\"potentialAction\":[{\"@type\":\"SearchAction\",\"target\":{\"@type\":\"EntryPoint\",\"urlTemplate\":\"https:\/\/www.travicka.sk\/?s={search_term_string}\"},\"query-input\":{\"@type\":\"PropertyValueSpecification\",\"valueRequired\":true,\"valueName\":\"search_term_string\"}}],\"inLanguage\":\"sk-SK\"}]}<\/script>\n<!-- \/ Yoast SEO plugin. -->","yoast_head_json":{"title":"REALISTICK\u00c1 UMEL\u00c1 TR\u00c1VA - Tr\u00e1vi\u010dka.sk | Realistick\u00e1 umel\u00e1 tr\u00e1va","description":"\u0160pecializujeme sa na realiz\u00e1ciu umel\u00fdch povrchov, ako umel\u00fd tr\u00e1vnik s povrchmi SBR a EPDM, prin\u00e1\u0161a inovat\u00edvne rie\u0161enie pre \u0161portov\u00e9 a rekrea\u010dn\u00e9 priestory.","robots":{"index":"index","follow":"follow","max-snippet":"max-snippet:-1","max-image-preview":"max-image-preview:large","max-video-preview":"max-video-preview:-1"},"canonical":"https:\/\/www.travicka.sk\/index.php\/realisticka-umela-trava\/","og_locale":"sk_SK","og_type":"article","og_title":"REALISTICK\u00c1 UMEL\u00c1 TR\u00c1VA - Tr\u00e1vi\u010dka.sk | Realistick\u00e1 umel\u00e1 tr\u00e1va","og_description":"\u0160pecializujeme sa na realiz\u00e1ciu umel\u00fdch povrchov, ako umel\u00fd tr\u00e1vnik s povrchmi SBR a EPDM, prin\u00e1\u0161a inovat\u00edvne rie\u0161enie pre \u0161portov\u00e9 a rekrea\u010dn\u00e9 priestory.","og_url":"https:\/\/www.travicka.sk\/index.php\/realisticka-umela-trava\/","og_site_name":"Tr\u00e1vi\u010dka.sk | Realistick\u00e1 umel\u00e1 tr\u00e1va","article_modified_time":"2024-06-19T21:44:32+00:00","twitter_card":"summary_large_image","twitter_misc":{"Predpokladan\u00fd \u010das \u010d\u00edtania":"2 min\u00faty"},"schema":{"@context":"https:\/\/schema.org","@graph":[{"@type":"WebPage","@id":"https:\/\/www.travicka.sk\/index.php\/realisticka-umela-trava\/","url":"https:\/\/www.travicka.sk\/index.php\/realisticka-umela-trava\/","name":"REALISTICK\u00c1 UMEL\u00c1 TR\u00c1VA - Tr\u00e1vi\u010dka.sk | Realistick\u00e1 umel\u00e1 tr\u00e1va","isPartOf":{"@id":"https:\/\/www.travicka.sk\/#website"},"datePublished":"2024-03-15T12:53:49+00:00","dateModified":"2024-06-19T21:44:32+00:00","description":"\u0160pecializujeme sa na realiz\u00e1ciu umel\u00fdch povrchov, ako umel\u00fd tr\u00e1vnik s povrchmi SBR a EPDM, prin\u00e1\u0161a inovat\u00edvne rie\u0161enie pre \u0161portov\u00e9 a rekrea\u010dn\u00e9 priestory.","breadcrumb":{"@id":"https:\/\/www.travicka.sk\/index.php\/realisticka-umela-trava\/#breadcrumb"},"inLanguage":"sk-SK","potentialAction":[{"@type":"ReadAction","target":["https:\/\/www.travicka.sk\/index.php\/realisticka-umela-trava\/"]}]},{"@type":"BreadcrumbList","@id":"https:\/\/www.travicka.sk\/index.php\/realisticka-umela-trava\/#breadcrumb","itemListElement":[{"@type":"ListItem","position":1,"name":"Domovsk\u00e1 str\u00e1nka","item":"https:\/\/www.travicka.sk\/"},{"@type":"ListItem","position":2,"name":"REALISTICK\u00c1 UMEL\u00c1 TR\u00c1VA"}]},{"@type":"WebSite","@id":"https:\/\/www.travicka.sk\/#website","url":"https:\/\/www.travicka.sk\/","name":"Tr\u00e1vi\u010dka.sk | Realistick\u00e1 umel\u00e1 tr\u00e1va","description":"","potentialAction":[{"@type":"SearchAction","target":{"@type":"EntryPoint","urlTemplate":"https:\/\/www.travicka.sk\/?s={search_term_string}"},"query-input":{"@type":"PropertyValueSpecification","valueRequired":true,"valueName":"search_term_string"}}],"inLanguage":"sk-SK"}]}},"_links":{"self":[{"href":"https:\/\/www.travicka.sk\/index.php\/wp-json\/wp\/v2\/pages\/7827","targetHints":{"allow":["GET"]}}],"collection":[{"href":"https:\/\/www.travicka.sk\/index.php\/wp-json\/wp\/v2\/pages"}],"about":[{"href":"https:\/\/www.travicka.sk\/index.php\/wp-json\/wp\/v2\/types\/page"}],"author":[{"embeddable":true,"href":"https:\/\/www.travicka.sk\/index.php\/wp-json\/wp\/v2\/users\/1"}],"replies":[{"embeddable":true,"href":"https:\/\/www.travicka.sk\/index.php\/wp-json\/wp\/v2\/comments?post=7827"}],"version-history":[{"count":21,"href":"https:\/\/www.travicka.sk\/index.php\/wp-json\/wp\/v2\/pages\/7827\/revisions"}],"predecessor-version":[{"id":8074,"href":"https:\/\/www.travicka.sk\/index.php\/wp-json\/wp\/v2\/pages\/7827\/revisions\/8074"}],"wp:attachment":[{"href":"https:\/\/www.travicka.sk\/index.php\/wp-json\/wp\/v2\/media?parent=7827"}],"curies":[{"name":"wp","href":"https:\/\/api.w.org\/{rel}","templated":true}]}}