{"id":7907,"date":"2024-03-15T20:55:32","date_gmt":"2024-03-15T19:55:32","guid":{"rendered":"https:\/\/www.travicka.sk\/?page_id=7907"},"modified":"2024-06-26T11:18:04","modified_gmt":"2024-06-26T09:18:04","slug":"sluzby","status":"publish","type":"page","link":"https:\/\/www.travicka.sk\/index.php\/sluzby\/","title":{"rendered":"SLU\u017dBY"},"content":{"rendered":"<div id=\"pl-7907\"  class=\"panel-layout\" ><div id=\"pg-7907-0\"  class=\"panel-grid panel-no-style\" ><div id=\"pgc-7907-0-0\"  class=\"panel-grid-cell\" ><div id=\"panel-7907-0-0-0\" class=\"so-panel widget widget_black-studio-tinymce widget_black_studio_tinymce panel-first-child panel-last-child\" data-index=\"0\" ><div class=\"text-center panel-widget-style panel-widget-style-for-7907-0-0-0\" ><h3 class=\"widget-title\"><span class=\"light\">NA\u0160E<\/span> SLU\u017dBY, KTOR\u00c9 PON\u00daKAME  <\/h3><div class=\"textwidget\"><\/div><\/div><\/div><\/div><\/div><div id=\"pg-7907-1\"  class=\"panel-grid panel-no-style\" ><div id=\"pgc-7907-1-0\"  class=\"panel-grid-cell\" ><div id=\"panel-7907-1-0-0\" class=\"so-panel widget widget_media_image panel-first-child panel-last-child\" data-index=\"1\" ><div class=\"panel-widget-style panel-widget-style-for-7907-1-0-0\" ><a href=\"https:\/\/www.travicka.sk\/index.php\/instalacia-umeleho-travnika-2\/\"><img loading=\"lazy\" decoding=\"async\" width=\"2042\" height=\"2141\" src=\"https:\/\/www.travicka.sk\/wp-content\/uploads\/2024\/03\/instalacia_realisticka_umela_trava_travicka_sk_menu.png\" class=\"image wp-image-7916  attachment-full size-full\" alt=\"\" style=\"max-width: 100%; height: auto;\" srcset=\"https:\/\/www.travicka.sk\/wp-content\/uploads\/2024\/03\/instalacia_realisticka_umela_trava_travicka_sk_menu.png 2042w, https:\/\/www.travicka.sk\/wp-content\/uploads\/2024\/03\/instalacia_realisticka_umela_trava_travicka_sk_menu-286x300.png 286w, https:\/\/www.travicka.sk\/wp-content\/uploads\/2024\/03\/instalacia_realisticka_umela_trava_travicka_sk_menu-977x1024.png 977w, https:\/\/www.travicka.sk\/wp-content\/uploads\/2024\/03\/instalacia_realisticka_umela_trava_travicka_sk_menu-768x805.png 768w, https:\/\/www.travicka.sk\/wp-content\/uploads\/2024\/03\/instalacia_realisticka_umela_trava_travicka_sk_menu-1465x1536.png 1465w, https:\/\/www.travicka.sk\/wp-content\/uploads\/2024\/03\/instalacia_realisticka_umela_trava_travicka_sk_menu-1953x2048.png 1953w, https:\/\/www.travicka.sk\/wp-content\/uploads\/2024\/03\/instalacia_realisticka_umela_trava_travicka_sk_menu-600x629.png 600w\" sizes=\"auto, (max-width: 2042px) 100vw, 2042px\" \/><\/a><\/div><\/div><\/div><div id=\"pgc-7907-1-1\"  class=\"panel-grid-cell\" ><div id=\"panel-7907-1-1-0\" class=\"so-panel widget widget_media_image panel-first-child panel-last-child\" data-index=\"2\" ><div class=\"panel-widget-style panel-widget-style-for-7907-1-1-0\" ><a href=\"https:\/\/www.travicka.sk\/index.php\/services\/udrzba-umeleho-travnika\/\"><img loading=\"lazy\" decoding=\"async\" width=\"2042\" height=\"2141\" src=\"https:\/\/www.travicka.sk\/wp-content\/uploads\/2024\/03\/udrzba_umela_trava_travicka_sk_menu.png\" class=\"image wp-image-7919  attachment-full size-full\" alt=\"\" style=\"max-width: 100%; height: auto;\" srcset=\"https:\/\/www.travicka.sk\/wp-content\/uploads\/2024\/03\/udrzba_umela_trava_travicka_sk_menu.png 2042w, https:\/\/www.travicka.sk\/wp-content\/uploads\/2024\/03\/udrzba_umela_trava_travicka_sk_menu-286x300.png 286w, https:\/\/www.travicka.sk\/wp-content\/uploads\/2024\/03\/udrzba_umela_trava_travicka_sk_menu-977x1024.png 977w, https:\/\/www.travicka.sk\/wp-content\/uploads\/2024\/03\/udrzba_umela_trava_travicka_sk_menu-768x805.png 768w, https:\/\/www.travicka.sk\/wp-content\/uploads\/2024\/03\/udrzba_umela_trava_travicka_sk_menu-1465x1536.png 1465w, https:\/\/www.travicka.sk\/wp-content\/uploads\/2024\/03\/udrzba_umela_trava_travicka_sk_menu-1953x2048.png 1953w, https:\/\/www.travicka.sk\/wp-content\/uploads\/2024\/03\/udrzba_umela_trava_travicka_sk_menu-600x629.png 600w\" sizes=\"auto, (max-width: 2042px) 100vw, 2042px\" \/><\/a><\/div><\/div><\/div><div id=\"pgc-7907-1-2\"  class=\"panel-grid-cell\" ><div id=\"panel-7907-1-2-0\" class=\"so-panel widget widget_media_image panel-first-child panel-last-child\" data-index=\"3\" ><div class=\"panel-widget-style panel-widget-style-for-7907-1-2-0\" ><a href=\"https:\/\/www.travicka.sk\/index.php\/realizacia-sportovisk-s-umelym-povrchom\/\"><img loading=\"lazy\" decoding=\"async\" width=\"1871\" height=\"1959\" src=\"https:\/\/www.travicka.sk\/wp-content\/uploads\/2024\/06\/realizacia_sporotovisk_s_umelym_povrchom_travicka_sk.png\" class=\"image wp-image-8183  attachment-full size-full\" alt=\"\" style=\"max-width: 100%; height: auto;\" srcset=\"https:\/\/www.travicka.sk\/wp-content\/uploads\/2024\/06\/realizacia_sporotovisk_s_umelym_povrchom_travicka_sk.png 1871w, https:\/\/www.travicka.sk\/wp-content\/uploads\/2024\/06\/realizacia_sporotovisk_s_umelym_povrchom_travicka_sk-287x300.png 287w, https:\/\/www.travicka.sk\/wp-content\/uploads\/2024\/06\/realizacia_sporotovisk_s_umelym_povrchom_travicka_sk-978x1024.png 978w, https:\/\/www.travicka.sk\/wp-content\/uploads\/2024\/06\/realizacia_sporotovisk_s_umelym_povrchom_travicka_sk-768x804.png 768w, https:\/\/www.travicka.sk\/wp-content\/uploads\/2024\/06\/realizacia_sporotovisk_s_umelym_povrchom_travicka_sk-1467x1536.png 1467w, https:\/\/www.travicka.sk\/wp-content\/uploads\/2024\/06\/realizacia_sporotovisk_s_umelym_povrchom_travicka_sk-600x628.png 600w\" sizes=\"auto, (max-width: 1871px) 100vw, 1871px\" \/><\/a><\/div><\/div><\/div><\/div><\/div>","protected":false},"excerpt":{"rendered":"<p>NA\u0160E SLU\u017dBY, KTOR\u00c9 PON\u00daKAME<\/p>\n","protected":false},"author":1,"featured_media":0,"parent":0,"menu_order":0,"comment_status":"closed","ping_status":"closed","template":"template-front-fullslider.php","meta":{"_acf_changed":false,"inline_featured_image":false,"footnotes":""},"class_list":["post-7907","page","type-page","status-publish","hentry"],"acf":[],"yoast_head":"<!-- This site is optimized with the Yoast SEO plugin v27.2 - https:\/\/yoast.com\/product\/yoast-seo-wordpress\/ -->\n<title>SLU\u017dBY - Tr\u00e1vi\u010dka.sk | Realistick\u00e1 umel\u00e1 tr\u00e1va<\/title>\n<meta name=\"description\" content=\"\u0160pecializujeme sa na realiz\u00e1ciu umel\u00fdch povrchov, ako umel\u00fd tr\u00e1vnik s povrchmi SBR a EPDM, prin\u00e1\u0161a inovat\u00edvne rie\u0161enie pre \u0161portov\u00e9 a rekrea\u010dn\u00e9 priestory.\" \/>\n<meta name=\"robots\" content=\"index, follow, max-snippet:-1, max-image-preview:large, max-video-preview:-1\" \/>\n<link rel=\"canonical\" href=\"https:\/\/www.travicka.sk\/index.php\/sluzby\/\" \/>\n<meta property=\"og:locale\" content=\"sk_SK\" \/>\n<meta property=\"og:type\" content=\"article\" \/>\n<meta property=\"og:title\" content=\"SLU\u017dBY - Tr\u00e1vi\u010dka.sk | Realistick\u00e1 umel\u00e1 tr\u00e1va\" \/>\n<meta property=\"og:description\" content=\"\u0160pecializujeme sa na realiz\u00e1ciu umel\u00fdch povrchov, ako umel\u00fd tr\u00e1vnik s povrchmi SBR a EPDM, prin\u00e1\u0161a inovat\u00edvne rie\u0161enie pre \u0161portov\u00e9 a rekrea\u010dn\u00e9 priestory.\" \/>\n<meta property=\"og:url\" content=\"https:\/\/www.travicka.sk\/index.php\/sluzby\/\" \/>\n<meta property=\"og:site_name\" content=\"Tr\u00e1vi\u010dka.sk | Realistick\u00e1 umel\u00e1 tr\u00e1va\" \/>\n<meta property=\"article:modified_time\" content=\"2024-06-26T09:18:04+00:00\" \/>\n<meta name=\"twitter:card\" content=\"summary_large_image\" \/>\n<meta name=\"twitter:label1\" content=\"Predpokladan\u00fd \u010das \u010d\u00edtania\" \/>\n\t<meta name=\"twitter:data1\" content=\"1 min\u00fata\" \/>\n<script type=\"application\/ld+json\" class=\"yoast-schema-graph\">{\"@context\":\"https:\/\/schema.org\",\"@graph\":[{\"@type\":\"WebPage\",\"@id\":\"https:\/\/www.travicka.sk\/index.php\/sluzby\/\",\"url\":\"https:\/\/www.travicka.sk\/index.php\/sluzby\/\",\"name\":\"SLU\u017dBY - Tr\u00e1vi\u010dka.sk | Realistick\u00e1 umel\u00e1 tr\u00e1va\",\"isPartOf\":{\"@id\":\"https:\/\/www.travicka.sk\/#website\"},\"datePublished\":\"2024-03-15T19:55:32+00:00\",\"dateModified\":\"2024-06-26T09:18:04+00:00\",\"description\":\"\u0160pecializujeme sa na realiz\u00e1ciu umel\u00fdch povrchov, ako umel\u00fd tr\u00e1vnik s povrchmi SBR a EPDM, prin\u00e1\u0161a inovat\u00edvne rie\u0161enie pre \u0161portov\u00e9 a rekrea\u010dn\u00e9 priestory.\",\"breadcrumb\":{\"@id\":\"https:\/\/www.travicka.sk\/index.php\/sluzby\/#breadcrumb\"},\"inLanguage\":\"sk-SK\",\"potentialAction\":[{\"@type\":\"ReadAction\",\"target\":[\"https:\/\/www.travicka.sk\/index.php\/sluzby\/\"]}]},{\"@type\":\"BreadcrumbList\",\"@id\":\"https:\/\/www.travicka.sk\/index.php\/sluzby\/#breadcrumb\",\"itemListElement\":[{\"@type\":\"ListItem\",\"position\":1,\"name\":\"Domovsk\u00e1 str\u00e1nka\",\"item\":\"https:\/\/www.travicka.sk\/\"},{\"@type\":\"ListItem\",\"position\":2,\"name\":\"SLU\u017dBY\"}]},{\"@type\":\"WebSite\",\"@id\":\"https:\/\/www.travicka.sk\/#website\",\"url\":\"https:\/\/www.travicka.sk\/\",\"name\":\"Tr\u00e1vi\u010dka.sk | Realistick\u00e1 umel\u00e1 tr\u00e1va\",\"description\":\"\",\"potentialAction\":[{\"@type\":\"SearchAction\",\"target\":{\"@type\":\"EntryPoint\",\"urlTemplate\":\"https:\/\/www.travicka.sk\/?s={search_term_string}\"},\"query-input\":{\"@type\":\"PropertyValueSpecification\",\"valueRequired\":true,\"valueName\":\"search_term_string\"}}],\"inLanguage\":\"sk-SK\"}]}<\/script>\n<!-- \/ Yoast SEO plugin. -->","yoast_head_json":{"title":"SLU\u017dBY - Tr\u00e1vi\u010dka.sk | Realistick\u00e1 umel\u00e1 tr\u00e1va","description":"\u0160pecializujeme sa na realiz\u00e1ciu umel\u00fdch povrchov, ako umel\u00fd tr\u00e1vnik s povrchmi SBR a EPDM, prin\u00e1\u0161a inovat\u00edvne rie\u0161enie pre \u0161portov\u00e9 a rekrea\u010dn\u00e9 priestory.","robots":{"index":"index","follow":"follow","max-snippet":"max-snippet:-1","max-image-preview":"max-image-preview:large","max-video-preview":"max-video-preview:-1"},"canonical":"https:\/\/www.travicka.sk\/index.php\/sluzby\/","og_locale":"sk_SK","og_type":"article","og_title":"SLU\u017dBY - Tr\u00e1vi\u010dka.sk | Realistick\u00e1 umel\u00e1 tr\u00e1va","og_description":"\u0160pecializujeme sa na realiz\u00e1ciu umel\u00fdch povrchov, ako umel\u00fd tr\u00e1vnik s povrchmi SBR a EPDM, prin\u00e1\u0161a inovat\u00edvne rie\u0161enie pre \u0161portov\u00e9 a rekrea\u010dn\u00e9 priestory.","og_url":"https:\/\/www.travicka.sk\/index.php\/sluzby\/","og_site_name":"Tr\u00e1vi\u010dka.sk | Realistick\u00e1 umel\u00e1 tr\u00e1va","article_modified_time":"2024-06-26T09:18:04+00:00","twitter_card":"summary_large_image","twitter_misc":{"Predpokladan\u00fd \u010das \u010d\u00edtania":"1 min\u00fata"},"schema":{"@context":"https:\/\/schema.org","@graph":[{"@type":"WebPage","@id":"https:\/\/www.travicka.sk\/index.php\/sluzby\/","url":"https:\/\/www.travicka.sk\/index.php\/sluzby\/","name":"SLU\u017dBY - Tr\u00e1vi\u010dka.sk | Realistick\u00e1 umel\u00e1 tr\u00e1va","isPartOf":{"@id":"https:\/\/www.travicka.sk\/#website"},"datePublished":"2024-03-15T19:55:32+00:00","dateModified":"2024-06-26T09:18:04+00:00","description":"\u0160pecializujeme sa na realiz\u00e1ciu umel\u00fdch povrchov, ako umel\u00fd tr\u00e1vnik s povrchmi SBR a EPDM, prin\u00e1\u0161a inovat\u00edvne rie\u0161enie pre \u0161portov\u00e9 a rekrea\u010dn\u00e9 priestory.","breadcrumb":{"@id":"https:\/\/www.travicka.sk\/index.php\/sluzby\/#breadcrumb"},"inLanguage":"sk-SK","potentialAction":[{"@type":"ReadAction","target":["https:\/\/www.travicka.sk\/index.php\/sluzby\/"]}]},{"@type":"BreadcrumbList","@id":"https:\/\/www.travicka.sk\/index.php\/sluzby\/#breadcrumb","itemListElement":[{"@type":"ListItem","position":1,"name":"Domovsk\u00e1 str\u00e1nka","item":"https:\/\/www.travicka.sk\/"},{"@type":"ListItem","position":2,"name":"SLU\u017dBY"}]},{"@type":"WebSite","@id":"https:\/\/www.travicka.sk\/#website","url":"https:\/\/www.travicka.sk\/","name":"Tr\u00e1vi\u010dka.sk | Realistick\u00e1 umel\u00e1 tr\u00e1va","description":"","potentialAction":[{"@type":"SearchAction","target":{"@type":"EntryPoint","urlTemplate":"https:\/\/www.travicka.sk\/?s={search_term_string}"},"query-input":{"@type":"PropertyValueSpecification","valueRequired":true,"valueName":"search_term_string"}}],"inLanguage":"sk-SK"}]}},"_links":{"self":[{"href":"https:\/\/www.travicka.sk\/index.php\/wp-json\/wp\/v2\/pages\/7907","targetHints":{"allow":["GET"]}}],"collection":[{"href":"https:\/\/www.travicka.sk\/index.php\/wp-json\/wp\/v2\/pages"}],"about":[{"href":"https:\/\/www.travicka.sk\/index.php\/wp-json\/wp\/v2\/types\/page"}],"author":[{"embeddable":true,"href":"https:\/\/www.travicka.sk\/index.php\/wp-json\/wp\/v2\/users\/1"}],"replies":[{"embeddable":true,"href":"https:\/\/www.travicka.sk\/index.php\/wp-json\/wp\/v2\/comments?post=7907"}],"version-history":[{"count":12,"href":"https:\/\/www.travicka.sk\/index.php\/wp-json\/wp\/v2\/pages\/7907\/revisions"}],"predecessor-version":[{"id":8190,"href":"https:\/\/www.travicka.sk\/index.php\/wp-json\/wp\/v2\/pages\/7907\/revisions\/8190"}],"wp:attachment":[{"href":"https:\/\/www.travicka.sk\/index.php\/wp-json\/wp\/v2\/media?parent=7907"}],"curies":[{"name":"wp","href":"https:\/\/api.w.org\/{rel}","templated":true}]}}